7*p = -45*p - 15026. What is the tens digit of p?
8
Suppose 2*f = -3*f + 45. Let w(p) = -28*p**2 + 0*p + 20*p**2 - 6*p + p**3 - 4. What is the tens digit of w(f)?
2
Let u be 29 - -1 - (-2 - 1). Let k be (69/4)/(u/44). Let o = -7 + k. What is the tens digit of o?
1
Let y(j) = 2*j**2 - 15*j + 10. Suppose 0 = -2*a + 14 + 4. What is the units digit of y(a)?
7
Let o be 6/1 - (-9)/(-6 + 3). Suppose -o*k = 5*g - 177, -k + g = -4*k + 177. What is the units digit of k?
9
Let w(k) = k. Let t(j) = 4*j + 4. Let f(m) = 2*t(m) - 6*w(m). Let a be f(-4). Suppose a*y = -3*s - 2*y + 65, -3*s - 5*y = -68. What is the units digit of s?
1
Suppose 7*c = 4*c + 9. Let j(o) = 3*o**3 - o**2 + 3*o - 4. What is the units digit of j(c)?
7
Let o(s) = s**3 - 4*s**2 + s - 2. Let c be o(4). What is the units digit of c/(-9) + (-1600)/(-72)?
2
Suppose 0 = -6*q + 5*q - 3. Let d = q + 5. Suppose 100 + 48 = 4*i - 3*u, -d*u - 42 = -i. What is the tens digit of i?
3
Let d(r) = 26*r + 14. Let p be (75/(-10) + 8)*(1 - -11). What is the tens digit of d(p)?
7
Let m(f) = -f**2 - f - 2. Let z be m(-2). Let c be (-1)/2 - 14/z. What is the units digit of (-1 - 8)*(-1)/c?
3
Let o(m) = 47*m**2 - 6*m - 11. What is the units digit of o(-4)?
5
Let g = -54 + 107. Let h be 0 - 0 - (3 + -3). Suppose h = -2*n + n + 2*v + g, 0 = n - 5*v - 53. What is the tens digit of n?
5
What is the hundreds digit of 777 - (-3 + 7/3)*3?
7
Let q(r) = -26*r - 29. What is the tens digit of q(-40)?
1
Let k(f) = -6*f + 3. Let g(j) = 3*j - 1. Let l(d) = 10*g(d) + 4*k(d). Let r(c) = -c**2 - 4*c + 2. Let t be r(-4). What is the units digit of l(t)?
4
Let y = 111 + -63. Suppose -5*q - 249 = -4*x, 3*q - y - 49 = -2*x. What is the tens digit of x?
5
Let u(v) = -40*v - 53. What is the hundreds digit of u(-7)?
2
What is the units digit of (-3581 + 3)/((-5 + 6)*-1)?
8
Let w = -128 + 1571. What is the thousands digit of w?
1
Suppose -51*z - 1135 = -7408. What is the hundreds digit of z?
1
Let z(t) = -28*t + 19. Let q be z(-8). Suppose 48*f - q = 45*f. What is the units digit of f?
1
Let o(m) = 3*m**2 + m - 35. Let r be o(-7). Let g = 111 - r. What is the units digit of g?
6
What is the hundreds digit of (6/4)/(((-60)/7792)/(-5))?
9
Let h = 104 - 146. Let i = 72 + h. What is the tens digit of i?
3
Suppose 0*g = 5*s + 3*g + 18, g = 5*s + 14. Let p(a) = 2*a**2 - 5*a - 1. What is the units digit of p(s)?
2
Let r(l) = 159*l + 6. What is the thousands digit of r(7)?
1
Suppose -7*a + 8*a - 1423 = -4*y, -1760 = -5*y - 5*a. What is the tens digit of y?
5
Let x be -4*(-3 + -8)*4. Suppose 0 = -2*l + 5*v + 59, -x = -2*l - 3*l + 3*v. What is the units digit of l + (-1)/(-3)*3?
8
What is the units digit of 609/6 - (-4 + 28/8)?
2
Let d(z) = z**3 + 6*z**2 - 6*z. Let o be ((-11)/(-4) + -1)*-4. Let w be d(o). Let g = -2 - w. What is the units digit of g?
5
Suppose 3 = u + q + 1, -4*q - 12 = 0. Suppose -3*f - f + 14 = x, -u = -5*f + 5*x. What is the units digit of f - 1/((-3)/162)?
7
Let t = 226 - 57. Suppose -5*g - t + 589 = 0. What is the units digit of g?
4
Let g = 51 - 48. Let d(y) = 17*y - 11. What is the units digit of d(g)?
0
Suppose 3*z = 1446 + 912. What is the units digit of z?
6
Let r be ((-1)/2)/(8/(-16)). Let z be -51*((-12)/(-9))/r. Let v = z - -105. What is the tens digit of v?
3
What is the tens digit of (10228/6 - 0) + 108/(-162)?
0
Let m(j) = -49*j - 103. What is the units digit of m(-8)?
9
Let n = -188 - 244. What is the hundreds digit of 20/(-30)*(n + 0)?
2
Suppose -5*c + 300 = -3*d - 4668, -1 = d. What is the units digit of c?
3
Suppose 7*r - 1079 = 2*r - 4*z, 0 = -2*r - 2*z + 430. Let i = r + -113. What is the units digit of i?
6
Suppose i + 2*z - 172 = 0, 3*i + 62 - 563 = -z. What is the units digit of i?
6
Let o = 196 - -90. Suppose 5*m - 115 - 324 = -3*p, 0 = -2*p - 5*m + o. What is the hundreds digit of p?
1
Let u(c) = 2 + 7 - 9*c + 6*c**2 - 6 - 4. What is the units digit of u(4)?
9
Suppose 5 = 2*u - 1. Suppose -6*b + b - 3*a = 130, u*a - 52 = 2*b. Let w = -9 - b. What is the tens digit of w?
1
Let j be (685 - 1)/4 - 3. Let f = j - 96. What is the units digit of f?
2
Suppose 2*k + 183 = 5*n + 4*k, -2*k + 8 = 0. Suppose g + v - 7 = n, -v = -g + 50. What is the tens digit of g?
4
Suppose 4*d + 96 = 3*v, -9 = d - v + 4*v. Let b = d - -13. Let s(w) = -w**3 - 8*w**2 + 11. What is the tens digit of s(b)?
1
Suppose -k - 1 + 2 = 0. Let p be ((k - 1) + 2)*2. What is the tens digit of (-1 - 0) + p + 12?
1
Let v(w) = -4*w - 1. Let u be v(-4). Suppose 11*r - 56 = 4*r. Let c = u + r. What is the units digit of c?
3
Suppose -5*p - 3 = -4*p. Let s be 1*(p + 2)*-3. Suppose -s*b = 5*h - 31 - 16, h = -2. What is the units digit of b?
9
Let k be 6 + -2 - 1*-1. Suppose 0 = k*r + h - 131, -5*r + h - 57 = -186. Suppose 3*d + 3*w = 54, -3*d + 5*w = -4*d + r. What is the tens digit of d?
1
Suppose -5*t + y - 102 = 32, -4*t = -4*y + 104. Let f(n) = -4*n - 9. Let j be f(-7). Let i = j - t. What is the units digit of i?
6
Suppose -194*t + 896 = -192*t. What is the units digit of t?
8
Let r(s) = 2*s - 3. Let c be r(4). Suppose 36 = c*m - 2*m. What is the units digit of (-444)/(-9) - m/(-18)?
0
Suppose -168*l - 30512 = -184*l. What is the hundreds digit of l?
9
Suppose v - 32 = -3*v. Let k = -20 + 26. Suppose 3*l + 2*a = 20, 3*l + 5*a - v - k = 0. What is the units digit of l?
8
Suppose 3*z = z - 30. Let v be (-291)/z - (-6)/10. Suppose 4*c = 8*c - v. What is the units digit of c?
5
Let b(t) = -t + 17 + 2*t + 2*t. Let j be b(15). Suppose 190 = 5*v + 3*l + l, -v + 4*l = -j. What is the units digit of v?
2
Let b(i) = -48*i - 158. What is the hundreds digit of b(-19)?
7
Let n(o) = 12*o + 175. What is the tens digit of n(29)?
2
Suppose 4*p + 3494 = 5*o, 0 = 32*p - 35*p - 3. What is the tens digit of o?
9
Let s(g) = g**2 + 4*g - 233. What is the tens digit of s(-34)?
8
Suppose 2*w + 4*y - 100 + 4 = 0, -w + 55 = -5*y. Let r = w + -8. What is the units digit of r?
2
Let k(f) = -f**3 - 7*f**2 + 11. Let d be k(-7). Let a(u) = -3*u + 67. What is the tens digit of a(d)?
3
Let h(f) = -f**3 + 5*f**2 - 2*f + 7. Let j be h(7). Suppose -7*v + 8*v + 7 = 0. What is the tens digit of (-205)/v + 30/j?
2
Let c = 16 + -13. Suppose -k = c*k - 176. What is the units digit of k?
4
Suppose 3 = 4*k + t, -3 - 9 = 4*k + 4*t. Suppose -v = 5*c - 64, 113 = 5*v + k*c - 138. What is the tens digit of v?
4
Let p be (4/(-1))/((-20)/30). Suppose p*a = 5*a + 8. Suppose a*o = 3*o + 60. What is the tens digit of o?
1
Suppose 0*n = -2*g + n - 7, 2 = -g - n. Let o(f) = -38*f - 1. What is the tens digit of o(g)?
1
Suppose 5*n - 5*p - 991 - 2189 = 0, -n - 5*p + 612 = 0. What is the hundreds digit of n?
6
Let q be ((-54)/(-12))/((-2)/8). Let f = -5 - q. Let r(c) = -c**3 + 12*c**2 + 15*c + 17. What is the units digit of r(f)?
3
Let y = -3 - 3. Let g(r) be the second derivative of -r**5/20 - r**4/2 - r**3/6 + r**2 - r. What is the units digit of g(y)?
8
Suppose -31*i + 33*i = 168. What is the tens digit of i?
8
Let i(s) = s**3 - 3*s**2 - 4*s + 19. What is the units digit of i(9)?
9
Suppose 2*q = 10*q - 24. Suppose 5*i = -4*s + 9, 5*i - 13 = -q*s - 5. What is the units digit of i?
1
Let c = 23 - 26. What is the units digit of (-12)/(-63)*c + 193/7?
7
Suppose -226 = 3*x - 4*a - 586, 2*x + 3*a = 240. Suppose -3*r + 0*w = 3*w - 54, 5*r - w - x = 0. What is the tens digit of r?
2
Suppose -24*a = 4*z - 25*a - 2014, 0 = -5*z + a + 2517. What is the units digit of z?
3
Let o(r) = -3*r - 2*r + 6*r**2 - 9 - 1. Let p(s) = s**2 + 4*s - 3. Let g be p(-4). What is the tens digit of o(g)?
5
Suppose -5*u = 5*i - 105, 5*i = -u + 2 + 39. What is the tens digit of u?
1
Let y(x) = 17*x**3 - 11*x**2 + 22*x + 8. What is the units digit of y(4)?
8
Let i(n) = -4*n**2 - 8*n - 5. Let y(v) = -5*v**2 - 8*v - 4. Let a(q) = 4*i(q) - 3*y(q). Suppose -5*u + 2*u - 18 = 0. What is the units digit of a(u)?
4
Suppose 5*s - 11 - 14 = 0. Suppose 0*q - s*q = -610. What is the units digit of q?
2
Let y(d) = d**3 + 16*d**2 - 21*d + 13. Suppose 7*s = -2 - 117. What is the tens digit of y(s)?
8
Let v = -22 + 22. Let g be 2*-1 + 4 + v. Suppose -o = 3*n - 9, 3*o - 3 = -g*n + n. What is the units digit of n?
3
Let x(g) = 53*g**2 + 28*g - 159. What is the tens digit of x(5)?
0
Suppose 4*s - 2926 = 4*j - 7*j, 2*j = 2*s - 1456. What is the